1 and 22.
11
Calculate the greatest common divisor of 1376 and 108.
4
Calculate the greatest common divisor of 30 and 42.
6
What is the greatest common factor of 667 and 87?
29
What is the greatest common divisor of 770 and 1188?
22
What is the greatest common divisor of 150 and 850?
50
Calculate the greatest common factor of 99 and 22.
11
What is the greatest common divisor of 16 and 592?
16
Calculate the greatest common factor of 104 and 3614.
26
Calculate the greatest common divisor of 2555 and 35.
35
What is the highest common factor of 8701 and 66?
11
What is the highest common factor of 8 and 188?
4
Calculate the greatest common divisor of 135 and 2115.
45
Calculate the greatest common divisor of 81 and 52407.
81
Calculate the greatest common divisor of 22 and 6.
2
Calculate the highest common divisor of 2460 and 6.
6
What is the highest common divisor of 1625 and 260?
65
Calculate the highest common divisor of 80 and 5.
5
What is the highest common factor of 31 and 248?
31
Calculate the highest common divisor of 202 and 4.
2
Calculate the greatest common factor of 510 and 110.
10
Calculate the highest common divisor of 372 and 24.
12
What is the greatest common divisor of 595 and 170?
85
Calculate the highest common factor of 325 and 475.
25
Calculate the greatest common factor of 9200 and 160.
80
What is the highest common divisor of 5 and 2?
1
Calculate the greatest common factor of 1462 and 136.
34
What is the highest common factor of 24 and 3516?
12
Calculate the greatest common factor of 221 and 9061.
221
What is the highest common divisor of 1044 and 324?
36
Calculate the greatest common divisor of 75 and 105.
15
What is the greatest common divisor of 2628 and 828?
36
What is the greatest common factor of 88 and 264?
88
Calculate the highest common factor of 58 and 2407.
29
What is the greatest common factor of 2288 and 104?
104
What is the highest common divisor of 3140 and 40?
20
What is the greatest common divisor of 11 and 473?
11
What is the greatest common divisor of 36 and 212?
4
Calculate the highest common factor of 1830 and 18.
6
Calculate the greatest common divisor of 2329 and 17.
17
Calculate the greatest common factor of 200 and 8.
8
Calculate the greatest common divisor of 582 and 30.
6
Calculate the highest common factor of 133 and 38.
19
What is the highest common divisor of 3900 and 936?
156
What is the greatest common divisor of 6110 and 2080?
130
What is the greatest common factor of 14676 and 12?
12
What is the highest common factor of 117 and 1341?
9
Calculate the highest common divisor of 9603 and 18.
9
Calculate the highest common divisor of 315 and 560.
35
Calculate the highest common divisor of 16 and 168.
8
Calculate the highest common factor of 33 and 330.
33
What is the greatest common divisor of 551 and 171?
19
What is the greatest common factor of 6 and 81?
3
Calculate the highest common factor of 135 and 8640.
135
What is the greatest common factor of 5 and 18635?
5
What is the highest common divisor of 4556 and 469?
67
What is the highest common factor of 51 and 17?
17
Calculate the greatest common factor of 1725 and 115.
115
Calculate the highest common divisor of 26355 and 35.
35
What is the highest common factor of 3171 and 42?
21
What is the greatest common divisor of 69 and 1863?
69
Calculate the greatest common factor of 555 and 15.
15
Calculate the greatest common divisor of 435 and 45.
15
Calculate the highest common factor of 21 and 259.
7
What is the highest common factor of 106 and 194?
2
What is the greatest common factor of 1640 and 40?
40
What is the highest common factor of 1221 and 185?
37
What is the highest common factor of 115 and 92?
23
What is the highest common divisor of 284 and 497?
71
Calculate the greatest common factor of 296 and 1295.
37
What is the greatest common factor of 342 and 18?
18
Calculate the highest common factor of 3790 and 10.
10
What is the highest common factor of 120 and 116?
4
Calculate the greatest common divisor of 102 and 78.
6
What is the greatest common factor of 33 and 1419?
33
What is the greatest common divisor of 2250 and 18?
18
What is the greatest common factor of 84 and 1029?
21
Calculate the highest common divisor of 1 and 49.
1
What is the highest common factor of 90 and 890?
10
What is the highest common factor of 224 and 108?
4
What is the greatest common factor of 4498 and 26?
26
What is the highest common divisor of 5 and 10?
5
Calculate the highest common factor of 71 and 1.
1
Calculate the highest common factor of 62 and 1550.
62
What is the highest common divisor of 154 and 1120?
14
Calculate the greatest common factor of 1577 and 893.
19
Calculate the highest common factor of 660 and 30.
30
What is the highest common factor of 65 and 299?
13
Calculate the greatest common divisor of 688 and 128.
16
Calculate the greatest common factor of 1395 and 18.
9
Calculate the greatest common divisor of 1044 and 396.
36
What is the highest common divisor of 30 and 1410?
30
What is the greatest common factor of 350 and 28?
14
Calculate the greatest common divisor of 2 and 7.
1
What is the highest common factor of 121 and 1815?
121
Calculate the highest common divisor of 2 and 26.
2
What is the highest common divisor of 32 and 5216?
32
What is the highest common divisor of 1651 and 13?
13
Calculate the highest common divisor of 2375 and 190.
95
Calculate the highest common factor of 134 and 1809.
67
Calculate the greatest common factor of 1144 and 338.
26
Calculate the greatest common divisor of 343 and 245.
49
What is the greatest common divisor of 36 and 162?
18
What is the greatest common divisor of 195 and 2085?
15
What is the highest common divisor of 2 and 34?
2
Calculate the greatest common factor of 272 and 368.
16
What is the greatest common divisor of 36 and 801?
9
What is the highest common divisor of 81 and 216?
27
Calculate the highest common divisor of 1880 and 40.
40
Calculate the highest common divisor of 19 and 1.
1
What is the highest common divisor of 6405 and 244?
61
What is the highest common divisor of 11392 and 4?
4
What is the highest common factor of 4151 and 49?
7
Calculate the highest common divisor of 1 and 37.
1
What is the greatest common divisor of 8 and 536?
8
Calculate the greatest common divisor of 35 and 495.
5
Calculate the greatest common divisor of 25 and 275.
25
Calculate the highest common divisor of 14 and 2758.
14
Calculate the highest common divisor of 24 and 5604.
12
Calculate the highest common factor of 60 and 220.
20
Calculate the greatest common divisor of 52320 and 48.
48
What is the greatest common factor of 38 and 418?
38
What is the greatest common divisor of 42 and 966?
42
Calculate the greatest common divisor of 646 and 1717.
17
What is the greatest common factor of 525 and 225?
75
What is the greatest common divisor of 6 and 270?
6
What is the highest common divisor of 675 and 75?
75
What is the highest common factor of 425 and 25?
25
What is the greatest common divisor of 407 and 703?
37
What is the greatest common divisor of 666 and 36?
18
What is the greatest common factor of 12 and 32?
4
What is the greatest common divisor of 27 and 1197?
9
What is the greatest common divisor of 4 and 716?
4
What is the highest common factor of 99 and 1155?
33
Calculate the greatest common divisor of 56 and 504.
56
What is the greatest common factor of 4680 and 6?
6
What is the greatest common factor of 55 and 5885?
55
What is the greatest common factor of 2630 and 110?
10
What is the greatest common factor of 220 and 8?
4
Calculate the highest common factor of 18 and 1188.
18
What is the highest common factor of 222 and 6?
6
Calculate the highest common factor of 2401 and 7.
7
Calculate the greatest common factor of 5526 and 18.
18
What is the greatest common divisor of 96 and 5472?
96
Calculate the greatest common divisor of 4693 and 13.
13
Calculate the highest common divisor of 472 and 19588.
236
What is the highest common factor of 28 and 6?
2
What is the greatest common divisor of 30 and 23505?
15
Calculate the highest common factor of 26 and 572.
26
What is the greatest common divisor of 70 and 196?
14
What is the highest common factor of 186 and 24?
6
Calculate the highest common factor of 4